{"id":19352,"date":"2025-06-30T21:11:21","date_gmt":"2025-06-30T19:11:21","guid":{"rendered":"https:\/\/www.vskk.cz\/cz\/?page_id=19352"},"modified":"2025-12-10T21:39:14","modified_gmt":"2025-12-10T20:39:14","slug":"fashion-event","status":"publish","type":"page","link":"https:\/\/www.vskk.cz\/cz\/o-skole\/projekty\/fashion-event\/","title":{"rendered":"Fashion Event"},"content":{"rendered":"<p><iframe loading=\"lazy\" title=\"Fashion Event x V\u0160KK 2025\" width=\"500\" height=\"281\" src=\"https:\/\/www.youtube.com\/embed\/vAep44b4Wh8?feature=oembed\" frameborder=\"0\" allow=\"accelerometer; autoplay; clipboard-write; encrypted-media; gyroscope; picture-in-picture; web-share\" referrerpolicy=\"strict-origin-when-cross-origin\" allowfullscreen><\/iframe><\/p>\n<p><strong>Fashion Event x V\u0160KK: \u0160kola se prom\u011bnila v&nbsp;centrum streetwearu<\/strong><\/p>\n<p>Prvn\u00ed ro\u010dn\u00edk kulturn\u011b-m\u00f3dn\u00edho festivalu Fashion Event x V\u0160KK, kter\u00fd se uskute\u010dnil v&nbsp;p\u00e1tek 30.&nbsp;kv\u011btna na p\u016fd\u011b Vysok\u00e9 \u0161koly kreativn\u00ed komunikace, p\u0159il\u00e1kal stovky n\u00e1v\u0161t\u011bvn\u00edk\u016f a stal se nejv\u011bt\u0161\u00ed akc\u00ed \u0161koly v&nbsp;leto\u0161n\u00edm roce.<\/p>\n<p>Festival byl zam\u011b\u0159en na podporu mlad\u00fdch streetwear zna\u010dek a propojen\u00ed kreativn\u00ed komunity \u2013 design\u00e9r\u016f, student\u016f i fanou\u0161k\u016f m\u00f3dy. N\u00e1v\u0161t\u011bvn\u00edci si u\u017eili bohat\u00fd program v\u010detn\u011b showroomu, netradi\u010dn\u00ed m\u00f3dn\u00ed p\u0159ehl\u00eddky, vizu\u00e1ln\u00ed performance Live Gallery, sout\u011b\u017ee Fit Check, tomboly o ceny v&nbsp;hodnot\u011b p\u0159es 40&nbsp;000&nbsp;K\u010d nebo ve\u010dern\u00edho DJ setu. V&nbsp;showroom z\u00f3n\u011b se p\u0159edstavily zna\u010dky jako <strong>Cbloc, Ravers, SHSS, Blako, CHU, Noscher Studio<\/strong> a dal\u0161\u00ed. Nechyb\u011bla ani vintage &amp; resell m\u00f3da od <strong>Stuffsell, Efyx<\/strong> nebo <strong>Palette De Pieces<\/strong>. Prvn\u00edch sto p\u0159\u00edchoz\u00edch p\u0159iv\u00edtal welcome drink od <strong>J\u00e4germeisteru<\/strong> a sladkosti od<strong> Matcha Crew<\/strong>. Akci nav\u0161t\u00edvili i zn\u00e1m\u00ed influence\u0159i a tv\u016frci jako <strong>Forgen, Homer821, Lucien Corvus<\/strong> nebo <strong>Richard Zelinka<\/strong>.<\/p>\n<p>Za organizac\u00ed st\u00e1l student Jielun Lu, \u0161kola poskytla z\u00e1zem\u00ed a podporu. Fashion Event uk\u00e1zal, jak V\u0160KK podporuje studenty v&nbsp;realizaci vlastn\u00edch n\u00e1pad\u016f a vytv\u00e1\u0159\u00ed prost\u0159ed\u00ed, kde se vzd\u011bl\u00e1v\u00e1n\u00ed propojuje s&nbsp;re\u00e1lnou kreativn\u00ed prax\u00ed.<\/p>\n<p>Pod\u00edvejte se na report\u00e1\u017e z&nbsp;akce:<\/p>\n<p><iframe loading=\"lazy\" title=\"Fashion Event x V\u0160KK 2025\" width=\"500\" height=\"281\" src=\"https:\/\/www.youtube.com\/embed\/3_UhVZ23QUk?feature=oembed\" frameborder=\"0\" allow=\"accelerometer; autoplay; clipboard-write; encrypted-media; gyroscope; picture-in-picture; web-share\" referrerpolicy=\"strict-origin-when-cross-origin\" allowfullscreen><\/iframe><\/p>\n","protected":false},"excerpt":{"rendered":"<p>Fashion Event x V\u0160KK: \u0160kola se prom\u011bnila v&nbsp;centrum streetwearu Prvn\u00ed&hellip;<\/p>\n","protected":false},"author":9,"featured_media":0,"parent":16670,"menu_order":6,"comment_status":"closed","ping_status":"closed","template":"","meta":{"_acf_changed":false,"episode_type":"","audio_file":"","podmotor_file_id":"","podmotor_episode_id":"","cover_image":"","cover_image_id":"","duration":"","filesize":"","filesize_raw":"","date_recorded":"","explicit":"","block":"","itunes_episode_number":"","itunes_title":"","itunes_season_number":"","itunes_episode_type":"","footnotes":""},"class_list":["post-19352","page","type-page","status-publish","hentry"],"acf":[],"yoast_head":"<!-- This site is optimized with the Yoast SEO plugin v27.3 - https:\/\/yoast.com\/product\/yoast-seo-wordpress\/ -->\n<title>V\u0160KK - Vysok\u00e1 \u0161kola kreativn\u00ed komunikace<\/title>\n<meta name=\"description\" content=\"V\u0160KK - Vysok\u00e1 \u0161kola kreativn\u00ed komunikace - Jedna \u0161kola, stovky p\u0159\u00edle\u017eitost\u00ed. Soukrom\u00e1 vysok\u00e1 \u0161kola v Praze\" \/>\n<meta name=\"robots\" content=\"index, follow, max-snippet:-1, max-image-preview:large, max-video-preview:-1\" \/>\n<link rel=\"canonical\" href=\"https:\/\/www.vskk.cz\/cz\/o-skole\/projekty\/fashion-event\/\" \/>\n<meta property=\"og:locale\" content=\"cs_CZ\" \/>\n<meta property=\"og:type\" content=\"article\" \/>\n<meta property=\"og:title\" content=\"V\u0160KK - Vysok\u00e1 \u0161kola kreativn\u00ed komunikace\" \/>\n<meta property=\"og:description\" content=\"V\u0160KK - Vysok\u00e1 \u0161kola kreativn\u00ed komunikace - Jedna \u0161kola, stovky p\u0159\u00edle\u017eitost\u00ed. Soukrom\u00e1 vysok\u00e1 \u0161kola v Praze\" \/>\n<meta property=\"og:url\" content=\"https:\/\/www.vskk.cz\/cz\/o-skole\/projekty\/fashion-event\/\" \/>\n<meta property=\"og:site_name\" content=\"Vysok\u00e1 \u0161kola kreativn\u00ed komunikace\" \/>\n<meta property=\"article:modified_time\" content=\"2025-12-10T20:39:14+00:00\" \/>\n<meta name=\"twitter:card\" content=\"summary_large_image\" \/>\n<meta name=\"twitter:label1\" content=\"Odhadovan\u00e1 doba \u010dten\u00ed\" \/>\n\t<meta name=\"twitter:data1\" content=\"2 minuty\" \/>\n<script type=\"application\/ld+json\" class=\"yoast-schema-graph\">{\"@context\":\"https:\\\/\\\/schema.org\",\"@graph\":[{\"@type\":\"WebPage\",\"@id\":\"https:\\\/\\\/www.vskk.cz\\\/cz\\\/o-skole\\\/projekty\\\/fashion-event\\\/\",\"url\":\"https:\\\/\\\/www.vskk.cz\\\/cz\\\/o-skole\\\/projekty\\\/fashion-event\\\/\",\"name\":\"V\u0160KK - Vysok\u00e1 \u0161kola kreativn\u00ed komunikace\",\"isPartOf\":{\"@id\":\"https:\\\/\\\/www.vskk.cz\\\/cz\\\/#website\"},\"datePublished\":\"2025-06-30T19:11:21+00:00\",\"dateModified\":\"2025-12-10T20:39:14+00:00\",\"description\":\"V\u0160KK - Vysok\u00e1 \u0161kola kreativn\u00ed komunikace - Jedna \u0161kola, stovky p\u0159\u00edle\u017eitost\u00ed. Soukrom\u00e1 vysok\u00e1 \u0161kola v Praze\",\"breadcrumb\":{\"@id\":\"https:\\\/\\\/www.vskk.cz\\\/cz\\\/o-skole\\\/projekty\\\/fashion-event\\\/#breadcrumb\"},\"inLanguage\":\"cs\",\"potentialAction\":[{\"@type\":\"ReadAction\",\"target\":[\"https:\\\/\\\/www.vskk.cz\\\/cz\\\/o-skole\\\/projekty\\\/fashion-event\\\/\"]}]},{\"@type\":\"BreadcrumbList\",\"@id\":\"https:\\\/\\\/www.vskk.cz\\\/cz\\\/o-skole\\\/projekty\\\/fashion-event\\\/#breadcrumb\",\"itemListElement\":[{\"@type\":\"ListItem\",\"position\":1,\"name\":\"Dom\u016f\",\"item\":\"https:\\\/\\\/www.vskk.cz\\\/cz\\\/\"},{\"@type\":\"ListItem\",\"position\":2,\"name\":\"O \u0161kole\",\"item\":\"https:\\\/\\\/www.vskk.cz\\\/cz\\\/o-skole\\\/\"},{\"@type\":\"ListItem\",\"position\":3,\"name\":\"Projekty\",\"item\":\"https:\\\/\\\/www.vskk.cz\\\/cz\\\/o-skole\\\/projekty\\\/\"},{\"@type\":\"ListItem\",\"position\":4,\"name\":\"Fashion Event\"}]},{\"@type\":\"WebSite\",\"@id\":\"https:\\\/\\\/www.vskk.cz\\\/cz\\\/#website\",\"url\":\"https:\\\/\\\/www.vskk.cz\\\/cz\\\/\",\"name\":\"Vysok\u00e1 \u0161kola kreativn\u00ed komunikace\",\"description\":\"\",\"potentialAction\":[{\"@type\":\"SearchAction\",\"target\":{\"@type\":\"EntryPoint\",\"urlTemplate\":\"https:\\\/\\\/www.vskk.cz\\\/cz\\\/?s={search_term_string}\"},\"query-input\":{\"@type\":\"PropertyValueSpecification\",\"valueRequired\":true,\"valueName\":\"search_term_string\"}}],\"inLanguage\":\"cs\"}]}<\/script>\n<!-- \/ Yoast SEO plugin. -->","yoast_head_json":{"title":"V\u0160KK - Vysok\u00e1 \u0161kola kreativn\u00ed komunikace","description":"V\u0160KK - Vysok\u00e1 \u0161kola kreativn\u00ed komunikace - Jedna \u0161kola, stovky p\u0159\u00edle\u017eitost\u00ed. Soukrom\u00e1 vysok\u00e1 \u0161kola v Praze","robots":{"index":"index","follow":"follow","max-snippet":"max-snippet:-1","max-image-preview":"max-image-preview:large","max-video-preview":"max-video-preview:-1"},"canonical":"https:\/\/www.vskk.cz\/cz\/o-skole\/projekty\/fashion-event\/","og_locale":"cs_CZ","og_type":"article","og_title":"V\u0160KK - Vysok\u00e1 \u0161kola kreativn\u00ed komunikace","og_description":"V\u0160KK - Vysok\u00e1 \u0161kola kreativn\u00ed komunikace - Jedna \u0161kola, stovky p\u0159\u00edle\u017eitost\u00ed. Soukrom\u00e1 vysok\u00e1 \u0161kola v Praze","og_url":"https:\/\/www.vskk.cz\/cz\/o-skole\/projekty\/fashion-event\/","og_site_name":"Vysok\u00e1 \u0161kola kreativn\u00ed komunikace","article_modified_time":"2025-12-10T20:39:14+00:00","twitter_card":"summary_large_image","twitter_misc":{"Odhadovan\u00e1 doba \u010dten\u00ed":"2 minuty"},"schema":{"@context":"https:\/\/schema.org","@graph":[{"@type":"WebPage","@id":"https:\/\/www.vskk.cz\/cz\/o-skole\/projekty\/fashion-event\/","url":"https:\/\/www.vskk.cz\/cz\/o-skole\/projekty\/fashion-event\/","name":"V\u0160KK - Vysok\u00e1 \u0161kola kreativn\u00ed komunikace","isPartOf":{"@id":"https:\/\/www.vskk.cz\/cz\/#website"},"datePublished":"2025-06-30T19:11:21+00:00","dateModified":"2025-12-10T20:39:14+00:00","description":"V\u0160KK - Vysok\u00e1 \u0161kola kreativn\u00ed komunikace - Jedna \u0161kola, stovky p\u0159\u00edle\u017eitost\u00ed. Soukrom\u00e1 vysok\u00e1 \u0161kola v Praze","breadcrumb":{"@id":"https:\/\/www.vskk.cz\/cz\/o-skole\/projekty\/fashion-event\/#breadcrumb"},"inLanguage":"cs","potentialAction":[{"@type":"ReadAction","target":["https:\/\/www.vskk.cz\/cz\/o-skole\/projekty\/fashion-event\/"]}]},{"@type":"BreadcrumbList","@id":"https:\/\/www.vskk.cz\/cz\/o-skole\/projekty\/fashion-event\/#breadcrumb","itemListElement":[{"@type":"ListItem","position":1,"name":"Dom\u016f","item":"https:\/\/www.vskk.cz\/cz\/"},{"@type":"ListItem","position":2,"name":"O \u0161kole","item":"https:\/\/www.vskk.cz\/cz\/o-skole\/"},{"@type":"ListItem","position":3,"name":"Projekty","item":"https:\/\/www.vskk.cz\/cz\/o-skole\/projekty\/"},{"@type":"ListItem","position":4,"name":"Fashion Event"}]},{"@type":"WebSite","@id":"https:\/\/www.vskk.cz\/cz\/#website","url":"https:\/\/www.vskk.cz\/cz\/","name":"Vysok\u00e1 \u0161kola kreativn\u00ed komunikace","description":"","potentialAction":[{"@type":"SearchAction","target":{"@type":"EntryPoint","urlTemplate":"https:\/\/www.vskk.cz\/cz\/?s={search_term_string}"},"query-input":{"@type":"PropertyValueSpecification","valueRequired":true,"valueName":"search_term_string"}}],"inLanguage":"cs"}]}},"_links":{"self":[{"href":"https:\/\/www.vskk.cz\/cz\/wp-json\/wp\/v2\/pages\/19352","targetHints":{"allow":["GET"]}}],"collection":[{"href":"https:\/\/www.vskk.cz\/cz\/wp-json\/wp\/v2\/pages"}],"about":[{"href":"https:\/\/www.vskk.cz\/cz\/wp-json\/wp\/v2\/types\/page"}],"author":[{"embeddable":true,"href":"https:\/\/www.vskk.cz\/cz\/wp-json\/wp\/v2\/users\/9"}],"replies":[{"embeddable":true,"href":"https:\/\/www.vskk.cz\/cz\/wp-json\/wp\/v2\/comments?post=19352"}],"version-history":[{"count":3,"href":"https:\/\/www.vskk.cz\/cz\/wp-json\/wp\/v2\/pages\/19352\/revisions"}],"predecessor-version":[{"id":19944,"href":"https:\/\/www.vskk.cz\/cz\/wp-json\/wp\/v2\/pages\/19352\/revisions\/19944"}],"up":[{"embeddable":true,"href":"https:\/\/www.vskk.cz\/cz\/wp-json\/wp\/v2\/pages\/16670"}],"wp:attachment":[{"href":"https:\/\/www.vskk.cz\/cz\/wp-json\/wp\/v2\/media?parent=19352"}],"curies":[{"name":"wp","href":"https:\/\/api.w.org\/{rel}","templated":true}]}}

<p><iframe loading="lazy" title="Fashion Event x VŠKK 2025" width="500" height="281" src="https://www.youtube.com/embed/vAep44b4Wh8?feature=oembed" frameborder="0" allow="accelerometer; autoplay; clipboard-write; encrypted-media; gyroscope; picture-in-picture; web-share" referrerpolicy="strict-origin-when-cross-origin" allowfullscreen></iframe></p>
<p><strong>Fashion Event x VŠKK: Škola se proměnila v&nbsp;centrum streetwearu</strong></p>
<p>První ročník kulturně-módního festivalu Fashion Event x VŠKK, který se uskutečnil v&nbsp;pátek 30.&nbsp;května na půdě Vysoké školy kreativní komunikace, přilákal stovky návštěvníků a stal se největší akcí školy v&nbsp;letošním roce.</p>
<p>Festival byl zaměřen na podporu mladých streetwear značek a propojení kreativní komunity – designérů, studentů i fanoušků módy. Návštěvníci si užili bohatý program včetně showroomu, netradiční módní přehlídky, vizuální performance Live Gallery, soutěže Fit Check, tomboly o ceny v&nbsp;hodnotě přes 40&nbsp;000&nbsp;Kč nebo večerního DJ setu. V&nbsp;showroom zóně se představily značky jako <strong>Cbloc, Ravers, SHSS, Blako, CHU, Noscher Studio</strong> a další. Nechyběla ani vintage &amp; resell móda od <strong>Stuffsell, Efyx</strong> nebo <strong>Palette De Pieces</strong>. Prvních sto příchozích přivítal welcome drink od <strong>Jägermeisteru</strong> a sladkosti od<strong> Matcha Crew</strong>. Akci navštívili i známí influenceři a tvůrci jako <strong>Forgen, Homer821, Lucien Corvus</strong> nebo <strong>Richard Zelinka</strong>.</p>
<p>Za organizací stál student Jielun Lu, škola poskytla zázemí a podporu. Fashion Event ukázal, jak VŠKK podporuje studenty v&nbsp;realizaci vlastních nápadů a vytváří prostředí, kde se vzdělávání propojuje s&nbsp;reálnou kreativní praxí.</p>
<p>Podívejte se na reportáž z&nbsp;akce:</p>
<p><iframe loading="lazy" title="Fashion Event x VŠKK 2025" width="500" height="281" src="https://www.youtube.com/embed/3_UhVZ23QUk?feature=oembed" frameborder="0" allow="accelerometer; autoplay; clipboard-write; encrypted-media; gyroscope; picture-in-picture; web-share" referrerpolicy="strict-origin-when-cross-origin" allowfullscreen></iframe></p>

<p>Fashion Event x VŠKK: Škola se proměnila v&nbsp;centrum streetwearu První&hellip;</p>

<!-- This site is optimized with the Yoast SEO plugin v27.3 - https://yoast.com/product/yoast-seo-wordpress/ -->
<title>VŠKK - Vysoká škola kreativní komunikace</title>
<meta name="description" content="VŠKK - Vysoká škola kreativní komunikace - Jedna škola, stovky příležitostí. Soukromá vysoká škola v Praze" />
<meta name="robots" content="index, follow, max-snippet:-1, max-image-preview:large, max-video-preview:-1" />
<link rel="canonical" href="https://www.vskk.cz/cz/o-skole/projekty/fashion-event/" />
<meta property="og:locale" content="cs_CZ" />
<meta property="og:type" content="article" />
<meta property="og:title" content="VŠKK - Vysoká škola kreativní komunikace" />
<meta property="og:description" content="VŠKK - Vysoká škola kreativní komunikace - Jedna škola, stovky příležitostí. Soukromá vysoká škola v Praze" />
<meta property="og:url" content="https://www.vskk.cz/cz/o-skole/projekty/fashion-event/" />
<meta property="og:site_name" content="Vysoká škola kreativní komunikace" />
<meta property="article:modified_time" content="2025-12-10T20:39:14+00:00" />
<meta name="twitter:card" content="summary_large_image" />
<meta name="twitter:label1" content="Odhadovaná doba čtení" />
	<meta name="twitter:data1" content="2 minuty" />
<script type="application/ld+json" class="yoast-schema-graph">{"@context":"https:\/\/schema.org","@graph":[{"@type":"WebPage","@id":"https:\/\/www.vskk.cz\/cz\/o-skole\/projekty\/fashion-event\/","url":"https:\/\/www.vskk.cz\/cz\/o-skole\/projekty\/fashion-event\/","name":"VŠKK - Vysoká škola kreativní komunikace","isPartOf":{"@id":"https:\/\/www.vskk.cz\/cz\/#website"},"datePublished":"2025-06-30T19:11:21+00:00","dateModified":"2025-12-10T20:39:14+00:00","description":"VŠKK - Vysoká škola kreativní komunikace - Jedna škola, stovky příležitostí. Soukromá vysoká škola v Praze","breadcrumb":{"@id":"https:\/\/www.vskk.cz\/cz\/o-skole\/projekty\/fashion-event\/#breadcrumb"},"inLanguage":"cs","potentialAction":[{"@type":"ReadAction","target":["https:\/\/www.vskk.cz\/cz\/o-skole\/projekty\/fashion-event\/"]}]},{"@type":"BreadcrumbList","@id":"https:\/\/www.vskk.cz\/cz\/o-skole\/projekty\/fashion-event\/#breadcrumb","itemListElement":[{"@type":"ListItem","position":1,"name":"Domů","item":"https:\/\/www.vskk.cz\/cz\/"},{"@type":"ListItem","position":2,"name":"O škole","item":"https:\/\/www.vskk.cz\/cz\/o-skole\/"},{"@type":"ListItem","position":3,"name":"Projekty","item":"https:\/\/www.vskk.cz\/cz\/o-skole\/projekty\/"},{"@type":"ListItem","position":4,"name":"Fashion Event"}]},{"@type":"WebSite","@id":"https:\/\/www.vskk.cz\/cz\/#website","url":"https:\/\/www.vskk.cz\/cz\/","name":"Vysoká škola kreativní komunikace","description":"","potentialAction":[{"@type":"SearchAction","target":{"@type":"EntryPoint","urlTemplate":"https:\/\/www.vskk.cz\/cz\/?s={search_term_string}"},"query-input":{"@type":"PropertyValueSpecification","valueRequired":true,"valueName":"search_term_string"}}],"inLanguage":"cs"}]}</script>
<!-- / Yoast SEO plugin. -->

VŠKK - Vysoká škola kreativní komunikace

VŠKK - Vysoká škola kreativní komunikace - Jedna škola, stovky příležitostí. Soukromá vysoká škola v Praze

Vysoká škola kreativní komunikace

Domů

O škole
